64 is divided by 3.
2
What is the remainder when 276 is divided by 93?
90
What is the remainder when 102 is divided by 39?
24
What is the remainder when 197 is divided by 21?
8
What is the remainder when 11529 is divided by 3?
0
Calculate the remainder when 2409 is divided by 801.
6
What is the remainder when 249 is divided by 7?
4
What is the remainder when 158 is divided by 16?
14
What is the remainder when 1587 is divided by 199?
194
What is the remainder when 13316 is divided by 360?
356
Calculate the remainder when 1771 is divided by 48.
43
What is the remainder when 2299 is divided by 452?
39
Calculate the remainder when 300 is divided by 47.
18
What is the remainder when 749 is divided by 194?
167
Calculate the remainder when 13316 is divided by 185.
181
What is the remainder when 3426 is divided by 3407?
19
Calculate the remainder when 117 is divided by 54.
9
Calculate the remainder when 69 is divided by 22.
3
Calculate the remainder when 2157 is divided by 17.
15
What is the remainder when 14 is divided by 10?
4
What is the remainder when 36 is divided by 3?
0
What is the remainder when 302 is divided by 90?
32
Calculate the remainder when 67 is divided by 10.
7
What is the remainder when 483 is divided by 171?
141
Calculate the remainder when 4770 is divided by 280.
10
Calculate the remainder when 1722 is divided by 19.
12
What is the remainder when 216 is divided by 22?
18
Calculate the remainder when 33 is divided by 8.
1
What is the remainder when 556 is divided by 183?
7
What is the remainder when 2676 is divided by 337?
317
Calculate the remainder when 308 is divided by 35.
28
What is the remainder when 1534 is divided by 35?
29
What is the remainder when 85 is divided by 36?
13
What is the remainder when 1199 is divided by 13?
3
Calculate the remainder when 176 is divided by 23.
15
What is the remainder when 154 is divided by 97?
57
Calculate the remainder when 309 is divided by 8.
5
What is the remainder when 18609 is divided by 36?
33
Calculate the remainder when 55 is divided by 36.
19
What is the remainder when 134 is divided by 26?
4
What is the remainder when 201 is divided by 69?
63
Calculate the remainder when 1721 is divided by 41.
40
What is the remainder when 4306 is divided by 32?
18
What is the remainder when 3791 is divided by 48?
47
What is the remainder when 58 is divided by 35?
23
Calculate the remainder when 113 is divided by 101.
12
What is the remainder when 46 is divided by 13?
7
What is the remainder when 311 is divided by 15?
11
What is the remainder when 674 is divided by 62?
54
What is the remainder when 886 is divided by 220?
6
What is the remainder when 821 is divided by 781?
40
Calculate the remainder when 446 is divided by 84.
26
What is the remainder when 382 is divided by 4?
2
Calculate the remainder when 78 is divided by 20.
18
What is the remainder when 6718 is divided by 10?
8
Calculate the remainder when 212 is divided by 12.
8
Calculate the remainder when 173 is divided by 5.
3
What is the remainder when 4357 is divided by 218?
215
Calculate the remainder when 17 is divided by 2.
1
What is the remainder when 2648 is divided by 10?
8
Calculate the remainder when 250 is divided by 21.
19
What is the remainder when 109 is divided by 107?
2
What is the remainder when 278 is divided by 14?
12
What is the remainder when 984 is divided by 19?
15
Calculate the remainder when 66 is divided by 35.
31
Calculate the remainder when 309 is divided by 164.
145
Calculate the remainder when 67 is divided by 64.
3
Calculate the remainder when 284 is divided by 48.
44
What is the remainder when 5983 is divided by 162?
151
Calculate the remainder when 1298 is divided by 100.
98
What is the remainder when 26 is divided by 4?
2
Calculate the remainder when 7437 is divided by 6.
3
What is the remainder when 217 is divided by 20?
17
Calculate the remainder when 1893 is divided by 76.
69
Calculate the remainder when 361 is divided by 119.
4
What is the remainder when 6808 is divided by 10?
8
What is the remainder when 323 is divided by 12?
11
What is the remainder when 626 is divided by 587?
39
What is the remainder when 569 is divided by 112?
9
What is the remainder when 912 is divided by 150?
12
Calculate the remainder when 3637 is divided by 26.
23
Calculate the remainder when 693 is divided by 171.
9
What is the remainder when 90 is divided by 23?
21
Calculate the remainder when 572 is divided by 23.
20
What is the remainder when 295 is divided by 77?
64
What is the remainder when 93 is divided by 32?
29
What is the remainder when 80 is divided by 27?
26
Calculate the remainder when 135 is divided by 32.
7
Calculate the remainder when 50 is divided by 7.
1
Calculate the remainder when 465 is divided by 5.
0
What is the remainder when 525 is divided by 31?
29
What is the remainder when 317 is divided by 106?
105
What is the remainder when 338 is divided by 57?
53
What is the remainder when 287 is divided by 72?
71
What is the remainder when 4984 is divided by 156?
148
Calculate the remainder when 202 is divided by 91.
20
What is the remainder when 18 is divided by 3?
0
Calculate the remainder when 50 is divided by 9.
5
Calculate the remainder when 21040 is divided by 14.
12
What is the remainder when 619 is divided by 87?
10
What is the remainder when 10516 is divided by 67?
64
What is the remainder when 225 is divided by 34?
21
What is the remainder when 505 is divided by 152?
49
Calculate the remainder when 2141 is divided by 63.
62
Calculate the remainder when 1014 is divided by 491.
32
Calculate the remainder when 814 is divided by 17.
15
What is the remainder when 1795 is divided by 113?
100
What is the remainder when 597 is divided by 76?
65
What is the remainder when 1723 is divided by 36?
31
What is the remainder when 410 is divided by 22?
14
Calculate the remainder when 1375 is divided by 13.
10
Calculate the remainder when 71 is divided by 27.
17
Calculate the remainder when 289 is divided by 78.
55
Calculate the remainder when 24570 is divided by 25.
20
What is the remainder when 81 is divided by 14?
11
Calculate the remainder when 1817 is divided by 360.
17
What is the remainder when 136 is divided by 41?
13
Calculate the remainder when 387 is divided by 188.
11
What is the remainder when 349 is divided by 44?
41
What is the remainder when 2849 is divided by 114?
113
What is the remainder when 180 is divided by 13?
11
What is the remainder when 92 is divided by 32?
28
What is the remainder when 536 is divided by 58?
14
What is the remainder when 166 is divided by 59?
48
What is the remainder when 1252 is divided by 57?
55
Calculate the remainder when 1617 is divided by 201.
9
What is the remainder when 37 is divided by 21?
16
Calculate the remainder when 1192 is divided by 9.
4
What is the remainder when 103 is divided by 9?
4
What is the remainder when 656 is divided by 66?
62
Calculate the remainder when 37 is divided by 20.
17
What is the remainder when 5780 is divided by 55?
5
What is the remainder when 290 is divided by 28?
10
What is the remainder when 119 is divided by 10?
9
Calculate the remainder when 113 is divided by 31.
20
Calculate the remainder when 774 is divided by 290.
194
What is the remainder when 45 is divided by 12?
9
Calculate the remainder when 44 is divided by 24.
20
What is the remainder when 51928 is divided by 45?
43
Calculate the remainder when 65 is divided by 39.
26
What is the remainder when 86 is divided by 84?
2
Calculate the remainder when 4044 is divided by 81.
75
Calculate the remainder when 68 is divided by 27.
14
What is the remainder when 655 is divided by 282?
91
Calculate the remainder when 4402 is divided by 119.
118
Calculate the remainder when 1044 is divided by 95.
94
What is the remainder when 38998 is divided by 125?
123
What is the remainder when 387 is divided by 67?
52
Calculate the remainder when 1620 is divided by 225.
45
Calculate the remainder when 267 is divided by 13.
7
What is the remainder when 718 is divided by 120?
118
What is the remainder when 25 is divided by 16?
9
Calculate the remainder when 584 is divided by 39.
38
Calculate the remainder when 294 is divided by 76.
66
What is the remainder when 20931 is divided by 11?
9
What is the 